o base 6
20134
-397 (base 15) to base 2
-1100110001
What is 123131 (base 5) in base 2?
1001010110111
What is -2036 (base 7) in base 15?
-328
-3510 (base 13) to base 14
-2a01
What is 129a (base 14) in base 15?
e82
What is 167 (base 10) in base 9?
205
Convert 6858 (base 15) to base 2.
101011001110101
Convert 2265 (base 7) to base 3.
1010210
Convert 1a (base 13) to base 5.
43
What is 1724 (base 16) in base 2?
1011100100100
What is 74 (base 14) in base 13?
7b
What is 1021 (base 7) in base 9?
437
141 (base 16) to base 9
386
Convert -4264 (base 7) to base 13.
-8c8
What is -2b9b (base 12) in base 3?
-21002002
112222112 (base 3) to base 10
10922
Convert -110230 (base 5) to base 6.
-25355
What is 131513 (base 6) in base 3?
121120000
Convert -101 (base 7) to base 9.
-55
What is -23321 (base 5) in base 16?
-6af
-102101 (base 7) to base 15
-52e8
Convert 152351 (base 6) to base 16.
39eb
Convert 2304100 (base 5) to base 9.
62402
417d (base 14) to base 15
3523
-2553 (base 8) to base 13
-829
Convert 3004 (base 9) to base 4.
202033
18451 (base 12) to base 13
13036
Convert -1a013 (base 13) to base 4.
-30111303
Convert -32cb (base 15) to base 3.
-112202202
1100000111 (base 2) to base 14
3d5
What is -23745 (base 9) in base 15?
-4ab2
What is -11132 (base 4) in base 12?
-252
Convert -a02 (base 12) to base 7.
-4130
What is -7950 (base 11) in base 3?
-112100110
Convert 40515 (base 6) to base 8.
12377
-2444 (base 7) to base 3
-1020212
What is -5727 (base 15) in base 10?
-18487
2048 (base 13) to base 5
120304
Convert -1021020 (base 3) to base 6.
-4140
Convert b09 (base 13) to base 14.
976
Convert 94b (base 13) to base 11.
1210
Convert 740 (base 8) to base 2.
111100000
-12733 (base 10) to base 16
-31bd
7192 (base 11) to base 12
562b
Convert -11221 (base 3) to base 7.
-250
What is 1793 (base 11) in base 3?
10010110
What is -15300 (base 9) in base 8?
-24321
7492 (base 12) to base 14
4930
-28c (base 13) to base 11
-383
Convert -34543 (base 6) to base 15.
-1709
-104235 (base 6) to base 8
-21037
3203 (base 5) to base 7
1151
Convert 51218 (base 10) to base 14.
14946
-11371 (base 8) to base 14
-1aad
What is 335c (base 16) in base 9?
20028
Convert -378 (base 10) to base 13.
-231
-d41 (base 16) to base 4
-311001
Convert 8b3 (base 14) to base 11.
1329
Convert 686 (base 10) to base 2.
1010101110
Convert 211102 (base 3) to base 5.
4410
Convert 12b7 (base 16) to base 5.
123131
Convert 41221 (base 6) to base 5.
133420
-10000011110 (base 2) to base 4
-100132
What is 6ab (base 16) in base 14?
89d
What is 221 (base 4) in base 3?
1112
Convert -155aa (base 12) to base 5.
-1431401
11110011110 (base 2) to base 8
3636
Convert -10033 (base 4) to base 14.
-155
Convert -9009 (base 15) to base 6.
-352400
What is -4412 (base 7) in base 9?
-2142
What is 10111111001 (base 2) in base 16?
5f9
Convert -16544 (base 8) to base 15.
-2369
What is 1202111212 (base 3) in base 12?
18065
Convert -291 (base 16) to base 13.
-3b7
Convert 7103 (base 9) to base 16.
1443
Convert -b55a (base 12) to base 15.
-5ced
-23310 (base 4) to base 7
-2130
15160 (base 7) to base 13
1bb8
What is 8b19 (base 14) in base 5?
1233011
What is -733 (base 14) in base 6?
-10321
What is -111002220 (base 3) in base 12?
-5643
-3 (base 8) to base 4
-3
What is 129 (base 14) in base 12?
175
1442 (base 5) to base 10
247
-22641 (base 7) to base 13
-2850
Convert 2211 (base 12) to base 11.
2906
-2369 (base 10) to base 13
-1103
2822 (base 10) to base 8
5406
-33 (base 16) to base 13
-3c
1bb (base 12) to base 11
241
What is -100013 (base 6) in base 14?
-2ba1
-2223443 (base 5) to base 2
-1001100101010000
-21216 (base 8) to base 15
-294b
What is 1510 (base 15) in base 2?
1000110100011
-204b (base 16) to base 2
-10000001001011
Convert -251 (base 14) to base 9.
-564
1568 (base 14) to base 2
111011101000
Convert 20317 (base 9) to base 11.
a065
What is -2340 (base 6) in base 5?
-4224
What is -101100001 (base 2) in base 11?
-2a1
What is -200b9 (base 13) in base 16?
-dfba
331314 (base 5) to base 15
35de
-4d5 (base 16) to base 7
-3415
What is 12987 (base 11) in base 9?
27321
Convert 41445 (base 6) to base 7.
22151
What is 2225 (base 7) in base 6?
3415
Convert -2317 (base 9) to base 7.
-5002
-12213 (base 4) to base 6
-1543
What is -25545 (base 6) in base 8?
-7451
What is -5354 (base 14) in base 3?
-201201200
What is -13187 (base 9) in base 3?
-110012221
What is 4931 (base 16) in base 4?
10210301
-2110 (base 6) to base 8
-732
Convert 32422 (base 8) to base 9.
20565
786 (base 14) to base 9
2035
5166 (base 8) to base 7
10544
Convert -7335 (base 10) to base 7.
-30246
Convert -262 (base 11) to base 15.
-15a
Convert 11040 (base 8) to base 16.
1220
-22064 (base 11) to base 7
-162223
Convert 101 (base 5) to base 14.
1c
Convert -102321 (base 4) to base 7.
-3345
Convert 121012201 (base 3) to base 4.
2320222
What is 314 (base 11) in base 2?
101111010
Convert 8590 (base 10) to base 5.
233330
What is 28763 (base 9) in base 10?
19578
-284 (base 10) to base 16
-11c
Convert -15726 (base 8) to base 5.
-212001
What is -43632 (base 7) in base 11?
-8255
What is 410430 (base 6) in base 12?
16a16
Convert -2040 (base 12) to base 13.
-1797
-20212212 (base 3) to base 2
-1001110011010
Convert -13 (base 9) to base 2.
-1100
-66d (base 14) to base 8
-2371
What is 1011022101 (base 3) in base 16?
5929
Convert 3274 (base 9) to base 15.
ab1
638 (base 12) to base 9
1218
1156 (base 8) to base 14
326
Convert -140022 (base 5) to base 11.
-4265
What is 81 (base 15) in base 4?
1321
3a3 (base 11) to base 15
21b
What is 17c32 (base 13) in base 4?
23032321
Convert -5561 (base 13) to base 3.
-121100002
-480 (base 14) to base 4
-32000
-1421241 (base 5) to base 13
-105c9
-1103300 (base 4) to base 11
-4033
Convert 100100101000111 (base 2) to base 13.
8700
-719 (base 15) to base 3
-2012020
What is 13111 (base 4) in base 11?
397
What is 3d (base 16) in base 3?
2021
What is -1202100022 (base 3) in base 15?
-a35e
What is 106c4 (base 13) in base 2?
111010000100111
Convert a194 (base 12) to base 8.
42200
-111100 (base 3) to base 8
-550
What is -1230 (base 4) in base 15?
-73
What is -139 (base 14) in base 11?
-205
Convert 6a54 (base 13) to base 9.
22441
-1634 (base 9) to base 16
-4de
Convert -121301 (base 4) to base 7.
-4544
Convert 1301 (base 5) to base 6.
533
Convert -110001000001 (base 2) to base 9.
-4265
Convert -10000111001 (base 2) to base 16.
-439
What is 1012021021 (base 3) in base 14?
8804
Convert -3211 (base 4) to base 15.
-104
Convert -1033 (base 12) to base 11.
-1367
Convert -af0 (base 16) to base 15.
-c6a
-208 (base 10) to base 11
-17a
-2539 (base 15) to base 12
-4709
Convert 3c2 (base 15) to base 9.
1152
What is -1384 (base 12) in base 7?
-6406
-1825 (base 9) to base 5
-21100
Convert 210111 (base 3) to base 9.
714
What is -10010100010 (base 2) in base 11?
-989
Convert -6483 (base 10) to base 2.
-1100101010011
-1ab (base 15) to base 5
-3021
What is -5174 (base 10) in base 15?
-17ee
What is 79 (base 11) in base 6?
222
Convert 231 (base 8) to base 16.
99
-cc58 (base 13) to base 15
-867a
What is 42667 (base 8) in base 10?
17847
9956 (base 15) to base 14
bba1
What is -3062 (base 8) in base 3?
-2011202
What is -32647 (base 8) in base 6?
-143331
What is 189 (base 14) in base 8?
475
Convert 401 (base 10) to base 11.
335
What is -43b2 (base 13) in base 14?
-3624
What is -9094 (base 11) in base 5?
-341312
112102012 (base 3) to base 8
24414
Convert -11000101001 (base 2) to base 16.
-629
Convert -21406 (base 12) to base 16.
-ab06
32004 (base 7) to base 9
11740
1891 (base 10) to base 14
991
225205 (base 6) to base 10
19301
Convert -766 (base 13) to base 12.
-897
What is -110000101000 (base 2) in base 12?
-1974
Convert 1011001001000101 (base 2) to base 15.
d7c7
-217 (base 16) to base 13
-322
What is -109d (base 16) in base 2?
-1000010011101
128 (base 13) to base 9
245
Convert 356 (base 14) to base 12.
474
-11540 (base 8) to base 13
-2347
What is -211 (base 8) in base 6?
-345
Convert 1001211111 (base 3) to base 12.
101b7
1762 (base 8) to base 10
1010
Convert 4b60 (base 12) to base 11.
648a
What is -375c (base 15) in base 10?
-11787
-251560 (base 7) to base 13
-18088
-13359 (base 12) to base 14
-98b3
What is -467 (base 8) in base 15?
-15b
Convert 1002 (base 5) to base 11.
106
Convert -11000010010110 (base 2) 